{"id":279,"date":"2015-09-02T21:56:33","date_gmt":"2015-09-02T21:56:33","guid":{"rendered":"http:\/\/www.amagua.com\/amagua\/?page_id=279"},"modified":"2025-12-09T14:03:06","modified_gmt":"2025-12-09T19:03:06","slug":"279-2","status":"publish","type":"page","link":"https:\/\/www.amagua.com\/amagua\/?page_id=279","title":{"rendered":"Agua Potable"},"content":{"rendered":"<p>&nbsp;<\/p>\n<table>\n<tbody>\n<tr>\n<th colspan=\"4\">\n<h2>Instalaci\u00f3n de Gu\u00eda y Medidor de Agua Potable<\/h2>\n<\/th>\n<\/tr>\n<tr>\n<td colspan=\"3\">La conexi\u00f3n del servicio de agua potable deber\u00e1 realizarse \u00fanicamente por personal t\u00e9cnico autorizado por Amagua.<\/td>\n<\/tr>\n<tr>\n<td style=\"text-align: left;\"><a href=\"https:\/\/www.amagua.com\/amagua\/wp-content\/uploads\/2025\/06\/requisitos-para-clientes-solicitar-aapp-Rev.27.pdf\" target=\"_blank\" rel=\"noopener\"><img loading=\"lazy\" decoding=\"async\" class=\"alignnone\" src=\"https:\/\/www.amagua.com\/amagua\/wp-content\/uploads\/2018\/10\/reqamg.png\" alt=\"\" width=\"32\" height=\"32\"><\/a><br \/>\n<strong>Requisitos<\/strong><\/td>\n<td style=\"text-align: left;\"><a href=\"https:\/\/www.amagua.com\/amagua\/wp-content\/uploads\/2025\/06\/Solicitud-de-Instalacion-Rev12.pdf\" target=\"_blank\" rel=\"noopener\"><img loading=\"lazy\" decoding=\"async\" class=\"alignnone\" src=\"https:\/\/www.amagua.com\/amagua\/wp-content\/uploads\/2018\/10\/reqamg.png\" alt=\"\" width=\"32\" height=\"32\"><\/a><br \/>\n<strong>Formularios<\/strong><\/td>\n<td style=\"text-align: left;\"><a href=\"https:\/\/www.amagua.com\/amagua\/wp-content\/uploads\/2025\/06\/Solicitud-inquilino-Rev.17.pdf\" target=\"_blank\" rel=\"noopener\"><img loading=\"lazy\" decoding=\"async\" class=\"alignnone\" src=\"https:\/\/www.amagua.com\/amagua\/wp-content\/uploads\/2018\/10\/reqamg.png\" alt=\"\" width=\"32\" height=\"32\"><\/a><br \/>\n<strong>Formulario de inquilino<\/strong><\/td>\n<\/tr>\n<tr>\n<td style=\"text-align: left;\"><a href=\"https:\/\/amagua.com\/instalacion_medidor\/\" target=\"_blank\" rel=\"noopener\"><img decoding=\"async\" src=\"https:\/\/www.amagua.com\/amagua\/wp-content\/uploads\/2018\/10\/envamg.png\" alt=\"\"><\/a><br \/>\n<b>Solic\u00edtelo&nbsp;aqu\u00ed<\/b><\/td>\n<\/tr>\n<tr>\n<th colspan=\"3\">\n<h2>Cambio de Propietario<\/h2>\n<\/th>\n<\/tr>\n<tr>\n<td colspan=\"3\">Usted puede solicitar la actualizaci\u00f3n de datos, si su planilla no est\u00e1 a nombre del propietario del inmueble.<\/td>\n<\/tr>\n<tr>\n<td colspan=\"3\">\n<table border=\"0\">\n<tbody>\n<tr>\n<td style=\"text-align: left;\"><a href=\"https:\/\/www.amagua.com\/amagua\/wp-content\/uploads\/2025\/12\/RCIT_26_19-Cesion-de-derecho-de-medidor-Rev.30.pdf\" target=\"_blank\" rel=\"noopener\"><img loading=\"lazy\" decoding=\"async\" class=\"alignnone\" src=\"https:\/\/www.amagua.com\/amagua\/wp-content\/uploads\/2018\/10\/reqamg.png\" alt=\"\" width=\"32\" height=\"32\"><\/a><br \/>\n<b>Formularios<\/b><\/td>\n<td style=\"text-align: left;\"><a href=\"https:\/\/amagua.com\/Cambio_de_propietario\/\" target=\"_blank\" rel=\"noopener\"><img decoding=\"async\" src=\"https:\/\/www.amagua.com\/amagua\/wp-content\/uploads\/2018\/10\/envamg.png\" alt=\"\"><\/a><br \/>\n<b>Solic\u00edtelo&nbsp;aqu\u00ed<\/b><\/td>\n<\/tr>\n<\/tbody>\n<\/table>\n<\/td>\n<\/tr>\n<tr>\n<th colspan=\"3\">\n<h2>Independizaci\u00f3n y Gu\u00eda del Medidor<\/h2>\n<\/th>\n<\/tr>\n<tr>\n<td colspan=\"3\">Requisitos&nbsp;&nbsp;&nbsp;&nbsp;&nbsp;&nbsp;&nbsp;&nbsp;&nbsp;&nbsp;&nbsp;&nbsp;&nbsp;&nbsp;&nbsp;&nbsp;&nbsp;&nbsp;&nbsp;<\/p>\n<ul>\n<li>Solicitud de independizaci\u00f3n de gu\u00eda y medidor en formato de Amagua<\/li>\n<li>Cedula de identidad y certificado de votaci\u00f3n actualizado<\/li>\n<li>Contrato de condiciones uniformes<\/li>\n<li>Aprobaci\u00f3n de planos sanitarios por parte de Amagua<\/li>\n<\/ul>\n<\/td>\n<\/tr>\n<tr>\n<td style=\"text-align: left;\" colspan=\"3\"><a href=\"https:\/\/www.amagua.com\/amagua\/wp-content\/uploads\/2022\/03\/Independizaci\u00f3n-de-Guia-y-Medidor-Rev18.pdf\" target=\"_blank\" rel=\"noopener\"><img loading=\"lazy\" decoding=\"async\" class=\"alignnone\" src=\"https:\/\/www.amagua.com\/amagua\/wp-content\/uploads\/2018\/10\/reqamg.png\" alt=\"\" width=\"32\" height=\"32\"><\/a><br \/>\n<strong>Formularios<\/strong><\/td>\n<\/tr>\n<tr>\n<th colspan=\"3\">\n<h2>Cierre Provisional o Definitivo del Servicio<\/h2>\n<\/th>\n<\/tr>\n<tr>\n<td colspan=\"3\">Requisitos&nbsp;&nbsp;&nbsp;&nbsp;&nbsp;&nbsp;&nbsp;&nbsp;&nbsp;&nbsp;&nbsp;&nbsp;&nbsp;&nbsp;&nbsp;&nbsp;&nbsp;&nbsp;&nbsp;<\/p>\n<ul>\n<li>Solicitud de cierre de servicio de agua potable en formato de Amagua<\/li>\n<li>No adeudar valor alguno a Amagua<\/li>\n<li>Cancelaci\u00f3n del valor del corte del servicio<\/li>\n<\/ul>\n<p>Luego de realizar el corte del servicio se tomar\u00e1 la lectura del medidor y la diferencia de m\u00b3 de la factura anterior deber\u00e1 ser cancelada para ejecutar esta solicitud.<\/td>\n<\/tr>\n<tr>\n<td style=\"text-align: left;\"><a href=\"https:\/\/www.amagua.com\/amagua\/wp-content\/uploads\/2022\/03\/cierre-del-servicio-de-AAPP-Rev.32.pdf\" target=\"_blank\" rel=\"noopener\"><img loading=\"lazy\" decoding=\"async\" class=\"alignnone\" src=\"https:\/\/www.amagua.com\/amagua\/wp-content\/uploads\/2018\/10\/reqamg.png\" alt=\"\" width=\"32\" height=\"32\"><\/a><br \/>\n<strong>Formularios<\/strong><\/td>\n<td style=\"text-align: left;\"><a href=\"https:\/\/www.amagua.com\/solicitud_cierre\/\" target=\"_blank\" rel=\"noopener\"><img decoding=\"async\" src=\"https:\/\/www.amagua.com\/amagua\/wp-content\/uploads\/2018\/10\/envamg.png\" alt=\"\"><\/a><br \/>\n<b>Solic\u00edtelo&nbsp;aqu\u00ed<\/b><\/td>\n<\/tr>\n<tr>\n<th colspan=\"3\">\n<h2>Reconexi\u00f3n del Servicio<\/h2>\n<\/th>\n<\/tr>\n<tr>\n<td colspan=\"3\">Si ha comprado un inmueble que ya pose\u00eda anteriormente el servicio solicite una reconexi\u00f3n.:&nbsp;&nbsp;&nbsp;&nbsp;&nbsp;&nbsp;&nbsp;&nbsp;&nbsp;&nbsp;&nbsp;&nbsp;&nbsp;&nbsp;&nbsp;&nbsp;&nbsp;&nbsp;&nbsp;<\/p>\n<h3>POR CIERRE PROVISIONAL DEL SERVICIO<\/h3>\n<ol>\n<li>El inmueble no deber\u00e1 tener deudas<\/li>\n<li>Solicitar reconexi\u00f3n en oficina, v\u00eda telefonica o correo electr\u00f3nico<\/li>\n<li>En caso de haber cancelado en bancos por favor adjuntar al correo o fax copia del comprobante de pago.<\/li>\n<\/ol>\n<h3>POR CIERRE DEFINITIVO DEL SERVICIO<\/h3>\n<ol>\n<li>El inmueble no deber\u00e1 tener deudas<\/li>\n<li>Ver requisitos de <a href=\"https:\/\/www.amagua.com\/amagua\/wp-content\/uploads\/2015\/09\/Formulario-solicitud-servicio-2014-03.pdf\" target=\"_blank\" rel=\"noopener noreferrer\">Instalaci\u00f3n de gu\u00eda y medidor de agua potable.<\/a><\/li>\n<\/ol>\n<\/td>\n<\/tr>\n<tr>\n<td style=\"text-align: left;\">\n<form action=\"https:\/\/www.amagua.com\/formulario_dinamico\/\" method=\"post\" name=\"formulario\" target=\"_blank\"><!-- Datos del formulario --><input name=\"form\" type=\"hidden\" value=\"Reconexi\u00f3n del Servicio\"><!-- Bot\u00f3n de env\u00edo de formulario con imagen --><br \/>\n<input alt=\"Enviar\" height=\"32\" src=\"https:\/\/www.amagua.com\/amagua\/wp-content\/uploads\/2018\/10\/envamg.png\" type=\"image\" width=\"32\"><br \/>\n<strong>Solicitelo Aqu\u00ed<\/strong><\/form>\n<p><!--\n<img decoding=\"async\"  target=\"_blank\" src=\"https:\/\/www.amagua.com\/amagua\/wp-content\/uploads\/2018\/10\/envamg.png\" alt=\"\" border=\"0\" \/>\n--><\/td>\n<\/tr>\n<tr>\n<th colspan=\"3\">\n<h2>Reubicaci\u00f3n del Medidor<\/h2>\n<\/th>\n<\/tr>\n<tr>\n<td colspan=\"3\">Requisitos&nbsp;&nbsp;&nbsp;&nbsp;&nbsp;&nbsp;&nbsp;&nbsp;&nbsp;&nbsp;&nbsp;&nbsp;&nbsp;&nbsp;&nbsp;&nbsp;&nbsp;&nbsp;&nbsp;<\/p>\n<ul>\n<li>Solicitud de reubicaci\u00f3n de medidor en formato de Amagua<\/li>\n<li>C\u00e9dula de identidad y certificado de votaci\u00f3n actualizado<\/li>\n<li>Contrato de condiciones uniformes<\/li>\n<li>Pago del presupuesto por reubicaci\u00f3n de medidor<\/li>\n<\/ul>\n<\/td>\n<\/tr>\n<tr>\n<td style=\"text-align: left;\" colspan=\"3\"><a href=\"https:\/\/www.amagua.com\/amagua\/wp-content\/uploads\/2022\/03\/reubicacion-de-medidor.pdf\" target=\"_blank\" rel=\"noopener\"><img loading=\"lazy\" decoding=\"async\" class=\"alignnone\" src=\"https:\/\/www.amagua.com\/amagua\/wp-content\/uploads\/2018\/10\/reqamg.png\" alt=\"\" width=\"32\" height=\"32\"><\/a><br \/>\n<strong>Formularios<\/strong><\/td>\n<\/tr>\n<tr>\n<th colspan=\"3\">\n<h2>Solicitud de Descuento de Tercera Edad<\/h2>\n<\/th>\n<\/tr>\n<tr>\n<td colspan=\"3\">El beneficio aplica \u00fanicamente para el titular del inmueble y para un solo medidor.<\/td>\n<\/tr>\n<tr>\n<td style=\"text-align: left;\" colspan=\"2\"><a href=\"https:\/\/www.amagua.com\/amagua\/wp-content\/uploads\/2022\/03\/Descuento-por-tercera-edad-Rev28.pdf\" target=\"_blank\" rel=\"noopener\"><img loading=\"lazy\" decoding=\"async\" class=\"alignnone\" src=\"https:\/\/www.amagua.com\/amagua\/wp-content\/uploads\/2018\/10\/reqamg.png\" alt=\"\" width=\"32\" height=\"32\"><\/a><br \/>\n<strong>Formularios<\/strong><\/td>\n<td style=\"text-align: left;\"><a href=\"https:\/\/www.amagua.com\/solicitud_3edad\/\" target=\"_blank\" rel=\"noopener\"><img decoding=\"async\" src=\"https:\/\/www.amagua.com\/amagua\/wp-content\/uploads\/2018\/10\/envamg.png\" alt=\"\"><\/a><br \/>\n<b>Solic\u00edtelo&nbsp;aqu\u00ed<\/b><\/td>\n<\/tr>\n<tr>\n<th colspan=\"3\">\n<h2>Solicitud de Descuento por Discapacidad<\/h2>\n<\/th>\n<\/tr>\n<tr>\n<td colspan=\"3\">La exoneraci\u00f3n aplica al 50% del valor del consumo mensual seg\u00fan La Ley Org\u00e1nica de Personas con Discapacidad.<\/td>\n<\/tr>\n<tr>\n<td style=\"text-align: left;\" colspan=\"2\"><a href=\"https:\/\/www.amagua.com\/amagua\/wp-content\/uploads\/2025\/07\/RCIT_26_12-SOLICITUD-DE-DESCUENTO-POR-DISCAPACIDAD-Rev42.pdf\" target=\"_blank\" rel=\"noopener\"><img loading=\"lazy\" decoding=\"async\" class=\"alignnone\" src=\"https:\/\/www.amagua.com\/amagua\/wp-content\/uploads\/2018\/10\/reqamg.png\" alt=\"\" width=\"32\" height=\"32\"><\/a><br \/>\n<strong>Formularios<\/strong><\/td>\n<td style=\"text-align: left;\"><a href=\"https:\/\/amagua.com\/solicitud_descdiscapacidad\/\" target=\"_blank\" rel=\"noopener\"><img decoding=\"async\" src=\"https:\/\/www.amagua.com\/amagua\/wp-content\/uploads\/2018\/10\/envamg.png\" alt=\"\"><\/a><br \/>\n<b>Solic\u00edtelo&nbsp;aqu\u00ed<\/b><\/td>\n<\/tr>\n<tr>\n<th colspan=\"3\">\n<h2>Solicitud de Ge\u00f3fono<\/h2>\n<\/th>\n<\/tr>\n<tr>\n<td colspan=\"3\">Para que la inspecci\u00f3n con ge\u00f3fono sea efectiva es indispensable disponer de los planos sanitarios.<\/td>\n<\/tr>\n<tr>\n<td style=\"text-align: left;\" colspan=\"2\"><a href=\"https:\/\/www.amagua.com\/amagua\/wp-content\/uploads\/2022\/03\/geofono-Rev-17.pdf\" target=\"_blank\" rel=\"noopener\"><img loading=\"lazy\" decoding=\"async\" class=\"alignnone\" src=\"https:\/\/www.amagua.com\/amagua\/wp-content\/uploads\/2018\/10\/reqamg.png\" alt=\"\" width=\"32\" height=\"32\"><\/a><br \/>\n<strong>Formularios<\/strong><\/td>\n<td style=\"text-align: left;\"><a href=\"https:\/\/amagua.com\/solicitud_geofono\/\" target=\"_blank\" rel=\"noopener\"><img decoding=\"async\" src=\"https:\/\/www.amagua.com\/amagua\/wp-content\/uploads\/2018\/10\/envamg.png\" alt=\"\"><\/a><br \/>\n<b>Solic\u00edtelo&nbsp;aqu\u00ed<\/b><\/td>\n<\/tr>\n<\/tbody>\n<\/table>\n","protected":false},"excerpt":{"rendered":"<p>&nbsp; Instalaci\u00f3n de Gu\u00eda y Medidor de Agua Potable La conexi\u00f3n del servicio de agua potable deber\u00e1 realizarse \u00fanicamente por personal t\u00e9cnico autorizado por Amagua. Requisitos Formularios Formulario de inquilino Solic\u00edtelo&nbsp;aqu\u00ed Cambio de Propietario Usted puede solicitar la actualizaci\u00f3n de datos, si su planilla no est\u00e1 a nombre del propietario del inmueble. Formularios Solic\u00edtelo&nbsp;aqu\u00ed Independizaci\u00f3n [&hellip;]<\/p>\n","protected":false},"author":2,"featured_media":281,"parent":498,"menu_order":0,"comment_status":"closed","ping_status":"closed","template":"","meta":{"ngg_post_thumbnail":0,"footnotes":""},"class_list":["post-279","page","type-page","status-publish","has-post-thumbnail","hentry"],"jetpack_sharing_enabled":true,"_links":{"self":[{"href":"https:\/\/www.amagua.com\/amagua\/index.php?rest_route=\/wp\/v2\/pages\/279"}],"collection":[{"href":"https:\/\/www.amagua.com\/amagua\/index.php?rest_route=\/wp\/v2\/pages"}],"about":[{"href":"https:\/\/www.amagua.com\/amagua\/index.php?rest_route=\/wp\/v2\/types\/page"}],"author":[{"embeddable":true,"href":"https:\/\/www.amagua.com\/amagua\/index.php?rest_route=\/wp\/v2\/users\/2"}],"replies":[{"embeddable":true,"href":"https:\/\/www.amagua.com\/amagua\/index.php?rest_route=%2Fwp%2Fv2%2Fcomments&post=279"}],"version-history":[{"count":118,"href":"https:\/\/www.amagua.com\/amagua\/index.php?rest_route=\/wp\/v2\/pages\/279\/revisions"}],"predecessor-version":[{"id":2960,"href":"https:\/\/www.amagua.com\/amagua\/index.php?rest_route=\/wp\/v2\/pages\/279\/revisions\/2960"}],"up":[{"embeddable":true,"href":"https:\/\/www.amagua.com\/amagua\/index.php?rest_route=\/wp\/v2\/pages\/498"}],"wp:featuredmedia":[{"embeddable":true,"href":"https:\/\/www.amagua.com\/amagua\/index.php?rest_route=\/wp\/v2\/media\/281"}],"wp:attachment":[{"href":"https:\/\/www.amagua.com\/amagua\/index.php?rest_route=%2Fwp%2Fv2%2Fmedia&parent=279"}],"curies":[{"name":"wp","href":"https:\/\/api.w.org\/{rel}","templated":true}]}}