{"id":550,"date":"2015-09-04T22:17:13","date_gmt":"2015-09-04T22:17:13","guid":{"rendered":"http:\/\/www.amagua.com\/amagua\/?page_id=550"},"modified":"2024-07-08T10:05:59","modified_gmt":"2024-07-08T15:05:59","slug":"550-2","status":"publish","type":"page","link":"https:\/\/www.amagua.com\/amagua\/?page_id=550","title":{"rendered":"Proyectos Urban\u00edsticos"},"content":{"rendered":"<p>Para garantizar la calidad de los servicios sanitarios, los proyectos urban\u00edsticos realizados en la&nbsp;zona de cobertura&nbsp;de Amagua, deber\u00e1n seguir las diferentes etapas.<\/p>\n<table>\n<tbody>\n<tr>\n<th colspan=\"2\">\n<h2>Proyectos Urban\u00edsticos<\/h2>\n<\/th>\n<\/tr>\n<tr>\n<td colspan=\"2\">Antes de obtener el servicio de agua potable para la construcci\u00f3n del proyecto, el Promotor o Constructor deber\u00e1:<\/td>\n<\/tr>\n<tr>\n<td style=\"text-align: left;\"><a href=\"https:\/\/www.amagua.com\/amagua\/wp-content\/uploads\/2023\/06\/requisitos-para-promotores-proyectos-urbanisticos-Rev.25.pdf\" target=\"_blank\" rel=\"noopener\"><img loading=\"lazy\" decoding=\"async\" class=\"alignnone\" src=\"https:\/\/www.amagua.com\/amagua\/wp-content\/uploads\/2018\/10\/reqamg.png\" alt=\"\" width=\"32\" height=\"32\"><\/a><br \/>\n<strong>Requisitos para promotores<\/strong><\/td>\n<td style=\"text-align: left;\"><a href=\"https:\/\/www.amagua.com\/amagua\/wp-content\/uploads\/2020\/08\/DC_63-Guia-de-normas-y-especificaciones-tecnicas-Rev.00.pdf\" target=\"_blank\" rel=\"noopener\"><img decoding=\"async\" src=\"https:\/\/www.amagua.com\/amagua\/wp-content\/uploads\/2018\/10\/reqamg.png\" alt=\"\"><\/a><br \/>\n<strong>Normas y Especificaciones T\u00e9cnicas<\/strong><\/td>\n<\/tr>\n<tr>\n<td style=\"text-align: left;\"><a href=\"https:\/\/www.amagua.com\/amagua\/wp-content\/uploads\/2020\/08\/DC_62-Criterios-de-dise\u00f1o-para-sistemas-de-agua-potable-Rev.00.pdf\" target=\"_blank\" rel=\"noopener\"><img decoding=\"async\" src=\"https:\/\/www.amagua.com\/amagua\/wp-content\/uploads\/2018\/10\/reqamg.png\" alt=\"\"><\/a><br \/>\n<strong>Criterios de dise\u00f1o para sistemas de AAPP<\/strong><\/td>\n<td style=\"text-align: left;\"><a href=\"https:\/\/www.amagua.com\/amagua\/wp-content\/uploads\/2020\/08\/DC_61-Criterios-de-dise\u00f1o-para-sistemas-de-alcantarillado-Rev.00.pdf\" target=\"_blank\" rel=\"noopener\"><img decoding=\"async\" src=\"https:\/\/www.amagua.com\/amagua\/wp-content\/uploads\/2018\/10\/reqamg.png\" alt=\"\"><\/a><br \/>\n<strong>Criterios de dise\u00f1o para sistemas de AASS<\/strong><\/td>\n<\/tr>\n<tr>\n<th colspan=\"2\">\n<h2>Factibilidad de Agua Potable<\/h2>\n<\/th>\n<\/tr>\n<tr>\n<td colspan=\"2\">Evaluaci\u00f3n de la capacidad y recursos requeridos para el suministro de agua potable y alcantarillado para el proyecto urban\u00edstico.<\/td>\n<\/tr>\n<tr>\n<td style=\"text-align: left;\" colspan=\"2\"><a href=\"https:\/\/www.amagua.com\/amagua\/wp-content\/uploads\/2023\/01\/RCIT_60_01-Solicitud-de-Factibilidad-del-Servicio-Rev18.pdf\" target=\"_blank\" rel=\"noopener\"><img loading=\"lazy\" decoding=\"async\" class=\"alignnone\" src=\"https:\/\/www.amagua.com\/amagua\/wp-content\/uploads\/2018\/10\/reqamg.png\" alt=\"\" width=\"32\" height=\"32\"><\/a><br \/>\n<strong>Formulario<\/strong><\/td>\n<\/tr>\n<tr>\n<th colspan=\"2\">\n<h2>Aprobaci\u00f3n de Dise\u00f1os Sanitarios<\/h2>\n<\/th>\n<\/tr>\n<tr>\n<td colspan=\"2\">Revisi\u00f3n de los requerimientos de dise\u00f1o de las instalaciones sanitarias, de acuerdo a las normas y especificaciones t\u00e9cnicas establecidas por Amagua. Resumen de normas y especificaciones t\u00e9cnicas para obras sanitarias de acueducto y alcantarillado.<\/td>\n<\/tr>\n<tr>\n<td style=\"text-align: left;\" colspan=\"2\"><a href=\"https:\/\/www.amagua.com\/amagua\/wp-content\/uploads\/2022\/03\/Aprobacion-de-dise\u00f1os-Rev12.pdf\" target=\"_blank\" rel=\"noopener\"><img loading=\"lazy\" decoding=\"async\" class=\"alignnone\" src=\"https:\/\/www.amagua.com\/amagua\/wp-content\/uploads\/2018\/10\/reqamg.png\" alt=\"\" width=\"32\" height=\"32\"><\/a><br \/>\n<strong>Formulario<\/strong><\/td>\n<\/tr>\n<tr>\n<th colspan=\"2\">\n<h2>Inspecci\u00f3n y Recepci\u00f3n de Obras<\/h2>\n<\/th>\n<\/tr>\n<tr>\n<td colspan=\"2\">Verificaci\u00f3n del fiel cumplimiento del dise\u00f1o sanitario, normas y especificaciones t\u00e9cnicas.<\/td>\n<\/tr>\n<tr>\n<td style=\"text-align: left;\"><a href=\"https:\/\/www.amagua.com\/amagua\/wp-content\/uploads\/2022\/03\/presupuesto-de-recepcion-de-infraestructura-sanitaria-Rev.-22.pdf\" target=\"_blank\" rel=\"noopener\"><img loading=\"lazy\" decoding=\"async\" class=\"alignnone\" src=\"https:\/\/www.amagua.com\/amagua\/wp-content\/uploads\/2018\/10\/reqamg.png\" alt=\"\" width=\"32\" height=\"32\"><\/a><br \/>\n<strong>Formulario de Presupuesto de Recepci\u00f3n<\/strong><\/td>\n<td style=\"text-align: left;\"><a href=\"https:\/\/www.amagua.com\/amagua\/wp-content\/uploads\/2022\/03\/pruebas-y-recepci\u00f3n-de-infraestructura-sanitaria-Rev.-22.pdf\" target=\"_blank\" rel=\"noopener\"><img loading=\"lazy\" decoding=\"async\" class=\"alignnone\" src=\"https:\/\/www.amagua.com\/amagua\/wp-content\/uploads\/2018\/10\/reqamg.png\" alt=\"\" width=\"32\" height=\"32\"><\/a><br \/>\n<strong>Formulario de Inspecci\u00f3n y Recepci\u00f3n<\/strong><\/td>\n<\/tr>\n<\/tbody>\n<\/table>\n","protected":false},"excerpt":{"rendered":"<p>Para garantizar la calidad de los servicios sanitarios, los proyectos urban\u00edsticos realizados en la&nbsp;zona de cobertura&nbsp;de Amagua, deber\u00e1n seguir las diferentes etapas. Proyectos Urban\u00edsticos Antes de obtener el servicio de agua potable para la construcci\u00f3n del proyecto, el Promotor o Constructor deber\u00e1: Requisitos para promotores Normas y Especificaciones T\u00e9cnicas Criterios de dise\u00f1o para sistemas de [&hellip;]<\/p>\n","protected":false},"author":2,"featured_media":0,"parent":498,"menu_order":0,"comment_status":"closed","ping_status":"closed","template":"","meta":{"ngg_post_thumbnail":0,"footnotes":""},"class_list":["post-550","page","type-page","status-publish","hentry"],"jetpack_sharing_enabled":true,"_links":{"self":[{"href":"https:\/\/www.amagua.com\/amagua\/index.php?rest_route=\/wp\/v2\/pages\/550"}],"collection":[{"href":"https:\/\/www.amagua.com\/amagua\/index.php?rest_route=\/wp\/v2\/pages"}],"about":[{"href":"https:\/\/www.amagua.com\/amagua\/index.php?rest_route=\/wp\/v2\/types\/page"}],"author":[{"embeddable":true,"href":"https:\/\/www.amagua.com\/amagua\/index.php?rest_route=\/wp\/v2\/users\/2"}],"replies":[{"embeddable":true,"href":"https:\/\/www.amagua.com\/amagua\/index.php?rest_route=%2Fwp%2Fv2%2Fcomments&post=550"}],"version-history":[{"count":27,"href":"https:\/\/www.amagua.com\/amagua\/index.php?rest_route=\/wp\/v2\/pages\/550\/revisions"}],"predecessor-version":[{"id":2723,"href":"https:\/\/www.amagua.com\/amagua\/index.php?rest_route=\/wp\/v2\/pages\/550\/revisions\/2723"}],"up":[{"embeddable":true,"href":"https:\/\/www.amagua.com\/amagua\/index.php?rest_route=\/wp\/v2\/pages\/498"}],"wp:attachment":[{"href":"https:\/\/www.amagua.com\/amagua\/index.php?rest_route=%2Fwp%2Fv2%2Fmedia&parent=550"}],"curies":[{"name":"wp","href":"https:\/\/api.w.org\/{rel}","templated":true}]}}